pose -3*j = -r*j + 168. Calculate the greatest common divisor of q and j.
21
Let p(c) = 2*c**2 - 9*c + 10. Let t be p(7). Calculate the greatest common divisor of 9 and t.
9
Let w(n) = -7*n - 64. Let s be w(-10). Let v be (-8)/s + 102/9. Calculate the greatest common factor of 70 and v.
10
Let r(y) = -y**3 + 17*y**2 + 3*y + 9. Suppose 170 = 7*t + 51. Let f be r(t). What is the highest common divisor of 24 and f?
12
Let n(u) = 4*u**3 - u**2 + u - 1. Let b be n(1). Suppose 0 = -b*j + 92 + 469. Calculate the greatest common divisor of 17 and j.
17
Let d(c) = c**3 - 3*c + 6. Let a be d(-6). Let q(y) = -y - 136. Let i be q(-25). Let f = i - a. Calculate the greatest common factor of f and 9.
9
Let f be ((-504)/(-15))/(((-32)/(-20))/8). Let x(m) = 3*m**2 - 5*m. Let u be x(4). Calculate the highest common factor of u and f.
28
Let o be 4/(-4) - 210/(-3). Let j = -21 + o. What is the highest common divisor of 32 and j?
16
Suppose 7*r - 289 = -58. Calculate the highest common divisor of 451 and r.
11
Let x be (-24)/(-32) + 21/4. Calculate the greatest common divisor of 222 and x.
6
Suppose 5*q = 3*q - 32. Let n = 40 + q. Let t be 75/3*n/15. Calculate the greatest common factor of 16 and t.
8
Suppose -6*z = -732 + 12. What is the highest common factor of 210 and z?
30
Let y be 470/9 + (-20)/90. Suppose -2*x - 1 = -11. Suppose x*g = -0*g + 65. What is the greatest common factor of y and g?
13
Suppose 198*c - 120 = 192*c. Let p(d) = 8*d**2 - 3*d - 1. Let h be p(-3). Calculate the greatest common factor of c and h.
20
Let v = 3 + -6. Let b(n) = -n - 5. Let r be b(v). Let f = r + 13. Calculate the greatest common divisor of f and 22.
11
Let s(v) = v**3 + 11*v**2 + 44*v + 508. Let m be s(-11). What is the highest common divisor of 312 and m?
24
Suppose 16*b - 90 = 11*b. Calculate the highest common divisor of 3096 and b.
18
Suppose 3*p = -4*v + 1472, 1462 = 3*p - 14*v + 16*v. What is the greatest common factor of p and 176?
44
Suppose 1515*n + 276 = 1518*n. Calculate the highest common factor of 299 and n.
23
Let l = 388 - 268. Calculate the greatest common divisor of 8 and l.
8
Let c(t) = t**3 - 30*t**2 - 3*t + 98. Let y be c(30). Calculate the highest common factor of y and 40.
8
Suppose 51*h - 52*h + 324 = -j, -5*j - 324 = -h. Calculate the greatest common factor of h and 405.
81
Suppose 6*m = 2 + 52. Suppose -3*s - 336 = -m*s. What is the highest common factor of 7 and s?
7
Let c = 319 + -318. Calculate the greatest common divisor of 79 and c.
1
Suppose a + 8 - 65 = 0. Calculate the greatest common divisor of 209 and a.
19
Suppose 0 = -11*z + 10*z - 3. Let h = 33 + z. Calculate the greatest common factor of h and 10.
10
Let o = 37 + -35. Suppose -2*s = 2, 4*y - o*s - 178 = -0*y. What is the greatest common divisor of 4 and y?
4
Let f be ((-23)/46)/(3/(-282)). What is the greatest common divisor of f and 1833?
47
Let w(r) = -2*r**3 + 3*r**2 + 30*r - 9. Let m be w(-6). Calculate the greatest common factor of 78 and m.
39
Suppose 0 = -50*p + 38*p + 2304. Calculate the highest common divisor of p and 32.
32
Let y = -39 - 3. Let l = -59 - y. Let p = -13 - l. What is the highest common factor of p and 8?
4
Let i = -13 + 19. Suppose 0 = i*x + 3*x - 126. What is the greatest common factor of 14 and x?
14
Let b be (10584/32)/(15/40). What is the greatest common factor of 84 and b?
42
Let b = 1245 + -730. Suppose -3*g = 4*d - 2*d + 325, 2*d - b = 5*g. Let z = g - -153. What is the greatest common divisor of z and 12?
12
Suppose 16 = -7*r + 9. Let g(v) = v**2 - 3*v - 2. Let y be g(r). Calculate the greatest common factor of 14 and y.
2
Suppose -4*g - i + 10508 = 0, -20*g = -15*g + i - 13136. Calculate the greatest common factor of 12 and g.
12
Let q be (-2)/8 - -1249*(-10)/(-40). Calculate the greatest common factor of q and 36.
12
Let c = 40 - -56. Suppose -24*d - c = -28*d. Let n = 3 + 0. Calculate the greatest common divisor of d and n.
3
Let k = -93 + 112. Suppose -16 = i - k. Calculate the greatest common factor of i and 1.
1
Let l be (-2)/(-2) + 2 + -1. Let o(y) = y - 5. Let p be o(5). Suppose 5 = -3*x + 2*t + 2, p = 2*t - 6. What is the highest common divisor of x and l?
1
Let f = 217 + -173. What is the highest common divisor of 22 and f?
22
Let g = 3 - -61. Calculate the highest common divisor of 48 and g.
16
Suppose 7*p = p + 6. Let n be (0 - p)*8*(-8 - -5). What is the greatest common divisor of n and 12?
12
Let y = -34 - -54. Let i = -117 + 112. Let u be y/(-1)*i/10. What is the highest common factor of u and 2?
2
Suppose -6*l + 3*l + 57 = 0. Let n(z) = -z**2 - 11*z + 9. Let g be n(-10). Calculate the greatest common divisor of l and g.
19
Let a(t) = 9*t**3 + t**2 - 2*t + 1. Let j be a(1). Suppose -14*x = -j*x - 5. Let q = 2 - 1. Calculate the greatest common factor of q and x.
1
Let u(p) = -p**3 - 9*p**2 - 10*p - 8. Let q be u(-8). Suppose 16*x - 14*x = q. What is the greatest common factor of 6 and x?
2
Let o(g) = -g**3 - 9*g**2 - 9*g - 25. Let u be o(-9). Calculate the highest common divisor of 252 and u.
28
Suppose 2*q + 21 = p, 5*p - 56*q + 51*q = 120. Let n be 4/(-18) + (-245)/(-9). Calculate the greatest common divisor of p and n.
27
Let y = 16 + -9. Let p(n) = n**2 - 5*n - 9. Let o be p(y). Let h = 152 - 150. What is the greatest common factor of o and h?
1
Let z be -2 + ((-380)/4)/(-5). Calculate the greatest common factor of 289 and z.
17
Let a(t) = -4. Let d(z) = z - 5. Let s(u) = 4*a(u) - 3*d(u). Let k be s(-1). Suppose k*o = -0*o + 6. Calculate the highest common factor of o and 12.
3
Let b = 81 + -16. Suppose 20 + b = v. Suppose u + 5*c - 7 = 0, -28 = -2*u - 0*c - 3*c. What is the highest common factor of v and u?
17
Let j(p) = 5*p - 22. Let s be j(11). Suppose -12 = -34*h + s*h. What is the highest common factor of h and 132?
12
Let a be ((-30)/9)/((-2)/48). Suppose 80 + a = 5*w. Suppose -25 = -3*b + w. Calculate the highest common factor of 171 and b.
19
Let v = -118 - -145. What is the highest common factor of 18 and v?
9
Suppose 4*o + 0*x + 2 = -2*x, o = -4*x - 18. Suppose 5*f - o*f = 4*m - 69, 2*m = 2*f + 34. Let d = 7 - 1. Calculate the greatest common factor of d and m.
6
Suppose 0 = 3*x - 68*b + 70*b - 437, 4*b + 576 = 4*x. Let t be -2*(-1)/1 - -27. Calculate the highest common factor of t and x.
29
Let a be ((-32)/3)/((-1)/6). Let i(l) = l**3 - 6*l**2 - 6*l - 5. Let x be i(7). Suppose 0 = x*t - 0*t - a. What is the greatest common factor of t and 8?
8
Let l = 191 - 95. Calculate the highest common factor of 12 and l.
12
Suppose 0*n + 3*r = -5*n + 25, 0 = n + 3*r - 5. Suppose -3*z = n*p - p - 152, 2*z = 3*p - 97. Calculate the highest common divisor of 7 and p.
7
Let i(k) = -4*k. Let s be i(-1). Suppose 3*l = -s*f + 120, 5*f - l - 135 = 34. Calculate the greatest common divisor of 363 and f.
33
Suppose 4*g - 1630 + 1234 = 0. Calculate the greatest common divisor of g and 891.
99
Let s = 261 - 241. What is the greatest common factor of s and 500?
20
Let w be (-26)/(-1) - 16/4. What is the highest common divisor of 11 and w?
11
Let c(r) = -81*r + 204. Let f be c(2). What is the greatest common divisor of 70 and f?
14
Let h = 18 - 59. Let l = 81 + h. Let g = -1916 + 1921. What is the highest common factor of l and g?
5
Let n be 4/2 - (3 + -2 - 28). What is the highest common divisor of n and 464?
29
Let a(y) = y**3 + y**2 - y + 18. Let b be a(0). Let s be (12/b)/((-1)/(-3)). Let v be 28/s + 2 - -2. What is the highest common divisor of 12 and v?
6
Let m be (-82)/533 + (-54)/(-13) + 71. What is the highest common factor of 250 and m?
25
Let z = -186 + 289. Let t = 114 - z. What is the highest common divisor of 143 and t?
11
Suppose -5*w = -259 - 196. Suppose 0 = -5*u + o + 61, 3*u + 2*o = 4*u - 5. Calculate the highest common divisor of w and u.
13
Let a = 312 + -309. What is the greatest common divisor of a and 219?
3
Let a = 868 - 1314. Let l = a - -692. What is the greatest common divisor of 41 and l?
41
Suppose 0 = -5*b + h + 60, -2*b + 3*h + 0*h = -11. Let y(v) = 4*v - 4. Let s be y(b). Calculate the highest common factor of 32 and s.
16
Let z(r) = -12*r**2 - 64*r + 21. Let k(o) = -3*o**2 - 16*o + 5. Let b(s) = -9*k(s) + 2*z(s). Let i be b(-7). What is the highest common factor of 80 and i?
16
Suppose 0 = -g - 2*x + 7*x + 31,